mine y(-55).
-17
Let a(p) = -14*p + 486. Give a(35).
-4
Let r(b) = b**3 + 13*b**2 - 47*b + 10. Give r(-16).
-6
Let i(m) = -2*m - 68. Give i(-31).
-6
Let i(c) = c**3 - 14*c**2 - 16*c + 15. What is i(15)?
0
Let t(q) = 13*q - 52. Calculate t(4).
0
Let x(t) = -t**3 + 16*t**2 + 15*t - 19. Determine x(17).
-53
Let p(g) = 3*g**2 + 2*g + 4. What is p(4)?
60
Let q(c) = -c**2 + 7*c + 18. Give q(9).
0
Let j(z) = 3*z - 49. Calculate j(16).
-1
Let d(s) = 2*s**3 - 9*s**2 + 14*s - 2. What is d(4)?
38
Let b(i) = 3*i - 26. Calculate b(3).
-17
Let y(d) = 68*d - 203. Calculate y(3).
1
Let b(g) = g**3 - 39*g**2 - 41*g + 40. Give b(40).
0
Let k(o) = 3*o - 14. What is k(-8)?
-38
Let a(z) = 3*z**2 - 26*z - 3. Give a(9).
6
Let d(z) = -z - 8. What is d(-10)?
2
Let i(m) = -10*m + 56. Determine i(6).
-4
Let a(y) = -3*y**3 - 11*y**2 - 4*y + 4. Give a(-3).
-2
Let u(c) = c**3 - 4*c**2 - 5*c - 4. Determine u(6).
38
Let t(x) = x**3 + 14. Calculate t(0).
14
Let q(o) = -o**3 - 7*o**2 + 12*o + 102. Give q(-6).
-6
Let d(f) = f + 4. Give d(19).
23
Let k(a) = -a**3 + a**2 - 5*a - 6. Calculate k(-3).
45
Let g(i) = -i**3 + 8*i**2 + 14*i - 13. Calculate g(9).
32
Let u(h) = -2*h**2 - 5*h + 3. Calculate u(-7).
-60
Let y(s) = 12*s + 102. Give y(-8).
6
Let r(p) = -p + 12. Calculate r(14).
-2
Let s(k) = 20*k + 11. Give s(3).
71
Let h(y) = y**3 + 2*y**2 + y - 6. Determine h(2).
12
Let q(a) = -a**2 - 2*a - 2. Determine q(-3).
-5
Let v(r) = r - 60. Give v(14).
-46
Let p(i) = -10*i**2 + 22*i - 2. Give p(2).
2
Let k(r) = -2*r**3 + 3*r**2 + 2*r - 9. Calculate k(3).
-30
Let j(w) = -3*w**3 + 1. What is j(1)?
-2
Let x(o) = o**2 + 2*o - 14. Determine x(-5).
1
Let o(b) = 10*b + 2. Calculate o(-1).
-8
Let j(x) = -x**2 + x - 10. Determine j(5).
-30
Let f(s) = 2*s**3 + 25*s**2 - 15*s - 30. Calculate f(-13).
-4
Let f(s) = -11*s**3 - s**2 + 2*s - 1. Give f(1).
-11
Let t(d) = -d**3 + 27*d**2 - 49*d - 26. Give t(25).
-1
Let h(l) = l**2 - l - 6. What is h(-3)?
6
Let p(k) = k**2 - 42*k + 5. What is p(42)?
5
Let l(d) = 4*d**2 - d - 2. Calculate l(-1).
3
Let f(t) = -t**3 - 14*t**2 + 53*t + 33. Calculate f(-17).
-1
Let q(i) = -3*i**2 - 15*i - 1. Determine q(-5).
-1
Let n(d) = d**2 - 11*d - 1. Calculate n(11).
-1
Let v(i) = 4*i**2 - 5*i - 3. Calculate v(3).
18
Let v(r) = -7*r**3 + r**2 + 4*r + 4. Give v(-1).
8
Let s(g) = -63*g - 126. Give s(-2).
0
Let o(s) = 13*s**2 - 2*s - 3. Give o(-3).
120
Let c(w) = -3*w**2 - 2*w + 2. Calculate c(-2).
-6
Let v(m) = m**2 - 19*m + 4. Give v(19).
4
Let j(b) = -b**2 - 2*b - 1. What is j(-3)?
-4
Let l(c) = 19*c + 34. Determine l(-2).
-4
Let w(o) = -o**3 - 22*o**2 - 25*o - 83. Calculate w(-21).
1
Let l(u) = -u**3 + 18*u**2 + 4*u - 61. Calculate l(18).
11
Let t(a) = 5*a + 13. Calculate t(-6).
-17
Let b(a) = -25*a - 5. Calculate b(-3).
70
Let k(n) = -n**2 + 1. What is k(-2)?
-3
Let z(a) = -3*a + 9. Determine z(6).
-9
Let g(l) = l**3 + 3*l**2 + l - 2. Determine g(-3).
-5
Let h(x) = x**3 + 6*x**2 - 2*x - 4. Determine h(-7).
-39
Let d(h) = -2*h**2 + 14*h - 7. What is d(7)?
-7
Let x(p) = -2*p - 6. Give x(3).
-12
Let v(n) = -9*n - 255. Give v(-29).
6
Let o(x) = -x**2 + 4*x - 5. Determine o(4).
-5
Let r(t) = 16*t - 42. What is r(2)?
-10
Let t(u) = -u**2 + 21*u + 48. Calculate t(23).
2
Let z(s) = s**3 - 18*s**2 - 2*s + 30. What is z(18)?
-6
Let j(z) = -z**2 + 15*z + 10. What is j(7)?
66
Let k(u) = -7*u**2 - 3*u - 3. Give k(-1).
-7
Let w(b) = -b**2 - 14*b - 16. Determine w(-11).
17
Let b(c) = c**3 + 9*c**2 + 5*c. Determine b(-8).
24
Let t(s) = -s**2 + 5*s + 7. Determine t(8).
-17
Let u(m) = -3*m**2 + 7*m. What is u(5)?
-40
Let b(r) = -22*r**3 - r**2. Calculate b(-1).
21
Let k(p) = -p**2 - 7*p - 12. Calculate k(-5).
-2
Let v(x) = 36*x + 9. Calculate v(-3).
-99
Let d(z) = 3*z - 10. Give d(3).
-1
Let m(y) = -8*y - 120. Give m(0).
-120
Let j(v) = -v - 6. Determine j(-12).
6
Let w(p) = p**3 + 6*p**2 - 2*p - 2. What is w(-3)?
31
Let m(w) = -w**2 - 21*w - 41. Calculate m(-19).
-3
Let v(k) = k**3 - 6*k**2 - 74. What is v(7)?
-25
Let s(p) = p**2 + 11*p - 22. Calculate s(2).
4
Let x(y) = -y**3 - 14*y**2 + 3*y + 10. Give x(-14).
-32
Let q(c) = -14*c - 1. Give q(-4).
55
Let f(p) = 3*p + 33. Determine f(-14).
-9
Let o(z) = z**3 + 12*z**2 + 28*z + 10. Calculate o(-9).
1
Let f(o) = o**3 - 22*o**2 + 25*o + 296. Determine f(20).
-4
Let j(n) = -14*n - 55. Determine j(-4).
1
Let y(g) = -g**3 - 9*g**2 - 10*g - 3. Determine y(-8).
13
Let f(j) = -j**2 - j - 2. Calculate f(-4).
-14
Let m(s) = -4*s**2 + 1. Calculate m(1).
-3
Let d(g) = 2*g**3 + 23*g**2 + 11*g + 3. Calculate d(-11).
3
Let y(n) = -n**2 - 10*n - 17. Calculate y(-8).
-1
Let d(c) = 4*c**2 - 31*c - 16. Determine d(8).
-8
Let f(c) = -c**3 - c**2 - c - 33. Determine f(0).
-33
Let r(q) = -q**2 - 9*q + 66. Calculate r(-19).
-124
Let m(a) = a**2 - 35*a - 99. Calculate m(38).
15
Let c(f) = f**2 + f + 7. Calculate c(-6).
37
Let c(j) = j**3 + 6*j**2 + 8*j + 32. Calculate c(-6).
-16
Let d(k) = -4*k - 22. What is d(-10)?
18
Let b(k) = k**3 + 4*k**2 - 63*k - 26. Determine b(-10).
4
Let n(g) = g - 27. Give n(19).
-8
Let s(p) = p**3 + 4*p**2 - 18*p + 1. Give s(-6).
37
Let k(r) = 2*r**3 + 45*r**2 - 19*r + 55. Calculate k(-23).
-37
Let u(s) = s**3 - 16*s**2 + 3*s - 41. Determine u(16).
7
Let t(v) = -v**3 - 6*v**2 - 6*v + 2. Determine t(-2).
-2
Let q(w) = -14*w - 6. Give q(2).
-34
Let m(q) = 4*q**3 + 28*q**2 + 7*q + 21. Give m(-7).
-28
Let f(k) = -k**2 - 33. Give f(0).
-33
Let q(i) = 4*i. Determine q(-2).
-8
Let b(w) = 9*w + 19. Give b(-14).
-107
Let u(h) = 23*h**2 + h - 1. Calculate u(1).
23
Let y(v) = -2*v**2 + 13*v - 19. Determine y(8).
-43
Let w(k) = 14*k + 134. Give w(-10).
-6
Let o(g) = 4*g - 2. Determine o(-3).
-14
Let n(y) = -y**3 - 6*y**2 + 10*y + 8. Determine n(-7).
-13
Let i(f) = 34*f + 288. What is i(-8)?
16
Let h(z) = 4*z - 5. Give h(-8).
-37
Let g(s) = s**3 - 9*s**2 + 2*s + 4. Determine g(10).
124
Let o(y) = -y**2 - 32*y - 243. Give o(-13).
4
Let k(g) = 5*g**3 + 2*g**2 + g - 2. Determine k(-2).
-36
Let u(w) = 96*w**3 + 2*w + 1. Give u(-1).
-97
Let n(g) = 7*g**3 - 5*g**2 - 5*g - 4. Give n(-1).
-11
Let m(j) = -j + 37. What is m(26)?
11
Let l(m) = 2*m**2 - 7*m - 18. Determine l(7).
31
Let j(d) = 2*d + 12. Calculate j(11).
34
Let a(x) = -16*x**2 + x - 2. Calculate a(-2).
-68
Let o(n) = -2*n + 30. Determine o(18).
-6
Let x(p) = p**2 - 5. What is x(-4)?
11
Let g(u) = 11*u**3 + u**2 - 3*u - 3. Calculate g(2).
83
Let l(a) = -a**3 + 3*a**2 + 4*a + 5. Determine l(5).
-25
Let y(a) = a**3 - 8*a**2 + 3*a - 2. Give y(7).
-30
Let a(m) = m**3 + 7*m**2 - 7*m - 9. Give a(-8).
-17
Let u(i) = -i**2 + 22*i + 16. Calculate u(12).
136
Let d(z) = -4*z + 28. Determine d(3).
16
Let w(h) = -h + 3. Give w(-18).
21
Let y(r) = 20*r - 15. Give y(1).
5
Let f(h) = -h. Calculate f(-4).
4
Let f(i) = 9*i + 6. Calculate f(-3).
-21
Let z(f) = 13*f**3 + f**2 + f. Give z(-2).
-102
Let z(c) = c**2 + 6*c + 4. What is z(-5)?
-1
Let p(f) = 29*f + 226. What is p(-8)?
-6
Let i(m) = -m**3 - 18*m**2 - 2. Determine i(-18).
-2
Let d(r) = -r**2 + 5*r + 8. Calculate d(8).
-16
Let f(q) = q**2 - 32*q + 116. Calculate f(4).
4
Let v(p) = p**3 + 16*p**2 - 80*p - 7. Calculate v(-20).
-7
Let i(j) = 6*j + 1. What is i(8)?
49
Let c(h) = -2*h**2 + 8*h - 4. Calculate c(5).
-14
Let g(m) = -m**3 + 22*m**2 - 20*m - 7. What is g(21)?
14
Let m(u) = 7*u + 40. Calculate m(-12).
-44
Let g(y) = -7*y + 35. Give g(6).
-7
Let f(q) = -q**2 - q + 2. Give f(2).
-4
Let p(z) = -2*z**3 - 9*z**2 + z + 1. Give p(-5).
21
Let q(f) = f - 22. Determine q(13).
-9
Let k(v) = -v**2 + 23*v + 8. What is k(23)?
8
Let m(k) = -k**2 - 7*k + 4. Determine m(-7).
4
Let u(n) = -n**2 - 7*n - 15. Give u(-5).
-5
Let f(s) = -s**2 + 13*s - 33. Determine f(10).
-3
Let k(p) = 10*p - 6. What is k(2)?
14
Let c(s) = s - 1. Determine c(-5).
-6
Let o(p) = -p**3 - 13*p**2 + p + 2. What is o(-13)?
-11
Let i(v) = -18*v + 70. What is i(6)?
-38
Let s(j) = 5*j**2 + 31*j + 8. Determine s(-6).
2
Let k(i) = -i**2 - 9*i + 8. What is k(-10)?
-2
Let g(r) = r**3 + 2*r + 49. Give g(0).
49
Let m(t) = -t**3 - 5*t**2 + 8*t + 9. Give m(-5).
-31
Let s(n) = -n**2 + 8*n + 3. Give s(7).
10
Let b(j) = j**2 - 16*j - 153. Give b(-7).
8
Let n(a) = -a**2 - a - 25. Determine n(0).
-25
Let a(c) = -c**3 - 33*c**2 - 119*c - 93. What is a(-29)?
-6
Let m(y) = y**3 - 10*y**2 + 3*y + 2. Give m(